{"id":208,"date":"2022-08-29T15:36:37","date_gmt":"2022-08-29T19:36:37","guid":{"rendered":"https:\/\/pressbooks.library.torontomu.ca\/migrantlives\/?post_type=chapter&#038;p=208"},"modified":"2022-08-29T15:41:07","modified_gmt":"2022-08-29T19:41:07","slug":"lecon-7-w5-h-resume-de-larticle-de-journal","status":"publish","type":"chapter","link":"https:\/\/pressbooks.library.torontomu.ca\/migrantlives\/chapter\/lecon-7-w5-h-resume-de-larticle-de-journal\/","title":{"raw":"Le\u00e7on 7\u00a0: W5-H R\u00e9sum\u00e9 de l\u2019article de journal","rendered":"Le\u00e7on 7\u00a0: W5-H R\u00e9sum\u00e9 de l\u2019article de journal"},"content":{"raw":"<h1>Le\u00e7on 7\u00a0: W5-H R\u00e9sum\u00e9 de l\u2019article de journal<\/h1>\r\nL'article de journal que vous \u00eates charg\u00e9 d'analyser \u00e9tablit de nombreux parall\u00e8les avec les histoires de Mencie et Dee. Toutes deux sont des femmes migrantes de couleur qui occupent des emplois peu r\u00e9mun\u00e9r\u00e9s bien qu'elles aient \u00e9t\u00e9 qualifi\u00e9es \u00ab\u00a0d\u2019essentielles\u00a0\u00bb pendant la pand\u00e9mie de Covid-19. Dee, en particulier, s'efforce de sensibiliser le public \u00e0 la surrepr\u00e9sentation des travailleurs migrants dans les secteurs de l'\u00e9conomie qui ont \u00e9t\u00e9 particuli\u00e8rement touch\u00e9s par le Covid-19. Un exemple d'un tel secteur est l'industrie de l'emballage de la viande. En Alberta, \u00e0 l'usine Cargill de High River, un grand nombre de travailleurs ont contract\u00e9 le Covid-19, souvent dans ce qui semble \u00eatre des conditions de travail dangereuses. L'article ci-joint est une excellente lecture qui fournit une enqu\u00eate d\u00e9taill\u00e9e sur cette situation sp\u00e9cifique.\r\n\r\n<a href=\"https:\/\/bit.ly\/3MBqlAc\">Les \u00e9leveurs des Prairies redoutent une gr\u00e8ve \u00e0 l\u2019usine Cargill de l\u2019Alberta, Radio Canada, le 19 Novembre, 2021\u00a0<\/a>\r\n\r\nW5-H est l\u2019acronyme de Who, What, When, Where, Why et How - Qui\u00a0? Quoi\u00a0? Quand\u00a0? O\u00f9\u00a0? Pourquoi\u00a0? Et comment\u00a0? Lorsque vous lisez un texte non fictionnel, il est crucial de retenir les faits essentiels. En d\u00e9composant les informations textuelles en 5 parties principales, le lecteur est en mesure de mieux comprendre le message et mieux d\u00e9finir les grandes id\u00e9es. En groupes de 2 \u00e0 3 personnes, compl\u00e9tez le tableau suivant.\r\n\r\n<a href=\"https:\/\/bit.ly\/38sYhQJ\">\u00a0Les Philippins de partout au Canada r\u00e9agissent aux in\u00e9galit\u00e9s de la pand\u00e9mie<\/a>\r\n\r\n&nbsp;\r\n<div align=\"center\">\r\n<table style=\"height: 433px;width: 761px\" width=\"869\">\r\n<tbody>\r\n<tr style=\"height: 423px\">\r\n<td style=\"width: 484.188px;height: 423px\"><strong>Quand<\/strong>\r\n\r\nQuand l'\u00e9v\u00e9nement a-t-il eu lieu ? La chronologie est-elle li\u00e9e au d\u00e9but ou au milieu de la pand\u00e9mie ? L'\u00e9v\u00e9nement se poursuit-il \u00e0 l\u2019heure actuelle ?<\/td>\r\n<td style=\"width: 248.938px;height: 423px\"><strong>O\u00f9<\/strong>\r\n\r\nO\u00f9 les \u00e9v\u00e9nements ont-ils lieu ? Pouvez-vous fournir des lieux pr\u00e9cis ?<\/td>\r\n<\/tr>\r\n<tr style=\"height: 10px\">\r\n<td style=\"width: 484.188px;height: 10px\"><strong>Pourquoi<\/strong>\r\n\r\nPourquoi les \u00e9v\u00e9nements ont-ils eu lieu ? Quelles ont \u00e9t\u00e9 les causes de ce qui s'est pass\u00e9 ?<\/td>\r\n<td style=\"width: 248.938px;height: 10px\"><strong>Comment<\/strong>\r\n\r\nComment se sont-ils d\u00e9roul\u00e9s ? Des opinions sont-elles exprim\u00e9es dans l'histoire ? En quoi ces histoires sont-elles importantes ?<\/td>\r\n<\/tr>\r\n<\/tbody>\r\n<\/table>\r\n<\/div>","rendered":"<h1>Le\u00e7on 7\u00a0: W5-H R\u00e9sum\u00e9 de l\u2019article de journal<\/h1>\n<p>L&#8217;article de journal que vous \u00eates charg\u00e9 d&#8217;analyser \u00e9tablit de nombreux parall\u00e8les avec les histoires de Mencie et Dee. Toutes deux sont des femmes migrantes de couleur qui occupent des emplois peu r\u00e9mun\u00e9r\u00e9s bien qu&#8217;elles aient \u00e9t\u00e9 qualifi\u00e9es \u00ab\u00a0d\u2019essentielles\u00a0\u00bb pendant la pand\u00e9mie de Covid-19. Dee, en particulier, s&#8217;efforce de sensibiliser le public \u00e0 la surrepr\u00e9sentation des travailleurs migrants dans les secteurs de l&#8217;\u00e9conomie qui ont \u00e9t\u00e9 particuli\u00e8rement touch\u00e9s par le Covid-19. Un exemple d&#8217;un tel secteur est l&#8217;industrie de l&#8217;emballage de la viande. En Alberta, \u00e0 l&#8217;usine Cargill de High River, un grand nombre de travailleurs ont contract\u00e9 le Covid-19, souvent dans ce qui semble \u00eatre des conditions de travail dangereuses. L&#8217;article ci-joint est une excellente lecture qui fournit une enqu\u00eate d\u00e9taill\u00e9e sur cette situation sp\u00e9cifique.<\/p>\n<p><a href=\"https:\/\/bit.ly\/3MBqlAc\">Les \u00e9leveurs des Prairies redoutent une gr\u00e8ve \u00e0 l\u2019usine Cargill de l\u2019Alberta, Radio Canada, le 19 Novembre, 2021\u00a0<\/a><\/p>\n<p>W5-H est l\u2019acronyme de Who, What, When, Where, Why et How &#8211; Qui\u00a0? Quoi\u00a0? Quand\u00a0? O\u00f9\u00a0? Pourquoi\u00a0? Et comment\u00a0? Lorsque vous lisez un texte non fictionnel, il est crucial de retenir les faits essentiels. En d\u00e9composant les informations textuelles en 5 parties principales, le lecteur est en mesure de mieux comprendre le message et mieux d\u00e9finir les grandes id\u00e9es. En groupes de 2 \u00e0 3 personnes, compl\u00e9tez le tableau suivant.<\/p>\n<p><a href=\"https:\/\/bit.ly\/38sYhQJ\">\u00a0Les Philippins de partout au Canada r\u00e9agissent aux in\u00e9galit\u00e9s de la pand\u00e9mie<\/a><\/p>\n<p>&nbsp;<\/p>\n<div style=\"margin: auto;\">\n<table style=\"height: 433px;width: 761px; width: 869px;\">\n<tbody>\n<tr style=\"height: 423px\">\n<td style=\"width: 484.188px;height: 423px\"><strong>Quand<\/strong><\/p>\n<p>Quand l&#8217;\u00e9v\u00e9nement a-t-il eu lieu ? La chronologie est-elle li\u00e9e au d\u00e9but ou au milieu de la pand\u00e9mie ? L&#8217;\u00e9v\u00e9nement se poursuit-il \u00e0 l\u2019heure actuelle ?<\/td>\n<td style=\"width: 248.938px;height: 423px\"><strong>O\u00f9<\/strong><\/p>\n<p>O\u00f9 les \u00e9v\u00e9nements ont-ils lieu ? Pouvez-vous fournir des lieux pr\u00e9cis ?<\/td>\n<\/tr>\n<tr style=\"height: 10px\">\n<td style=\"width: 484.188px;height: 10px\"><strong>Pourquoi<\/strong><\/p>\n<p>Pourquoi les \u00e9v\u00e9nements ont-ils eu lieu ? Quelles ont \u00e9t\u00e9 les causes de ce qui s&#8217;est pass\u00e9 ?<\/td>\n<td style=\"width: 248.938px;height: 10px\"><strong>Comment<\/strong><\/p>\n<p>Comment se sont-ils d\u00e9roul\u00e9s ? Des opinions sont-elles exprim\u00e9es dans l&#8217;histoire ? En quoi ces histoires sont-elles importantes ?<\/td>\n<\/tr>\n<\/tbody>\n<\/table>\n<\/div>\n","protected":false},"author":178,"menu_order":7,"template":"","meta":{"pb_show_title":"on","pb_short_title":"","pb_subtitle":"","pb_authors":[],"pb_section_license":""},"chapter-type":[],"contributor":[],"license":[],"class_list":["post-208","chapter","type-chapter","status-publish","hentry"],"part":170,"_links":{"self":[{"href":"https:\/\/pressbooks.library.torontomu.ca\/migrantlives\/wp-json\/pressbooks\/v2\/chapters\/208","targetHints":{"allow":["GET"]}}],"collection":[{"href":"https:\/\/pressbooks.library.torontomu.ca\/migrantlives\/wp-json\/pressbooks\/v2\/chapters"}],"about":[{"href":"https:\/\/pressbooks.library.torontomu.ca\/migrantlives\/wp-json\/wp\/v2\/types\/chapter"}],"author":[{"embeddable":true,"href":"https:\/\/pressbooks.library.torontomu.ca\/migrantlives\/wp-json\/wp\/v2\/users\/178"}],"version-history":[{"count":2,"href":"https:\/\/pressbooks.library.torontomu.ca\/migrantlives\/wp-json\/pressbooks\/v2\/chapters\/208\/revisions"}],"predecessor-version":[{"id":212,"href":"https:\/\/pressbooks.library.torontomu.ca\/migrantlives\/wp-json\/pressbooks\/v2\/chapters\/208\/revisions\/212"}],"part":[{"href":"https:\/\/pressbooks.library.torontomu.ca\/migrantlives\/wp-json\/pressbooks\/v2\/parts\/170"}],"metadata":[{"href":"https:\/\/pressbooks.library.torontomu.ca\/migrantlives\/wp-json\/pressbooks\/v2\/chapters\/208\/metadata\/"}],"wp:attachment":[{"href":"https:\/\/pressbooks.library.torontomu.ca\/migrantlives\/wp-json\/wp\/v2\/media?parent=208"}],"wp:term":[{"taxonomy":"chapter-type","embeddable":true,"href":"https:\/\/pressbooks.library.torontomu.ca\/migrantlives\/wp-json\/pressbooks\/v2\/chapter-type?post=208"},{"taxonomy":"contributor","embeddable":true,"href":"https:\/\/pressbooks.library.torontomu.ca\/migrantlives\/wp-json\/wp\/v2\/contributor?post=208"},{"taxonomy":"license","embeddable":true,"href":"https:\/\/pressbooks.library.torontomu.ca\/migrantlives\/wp-json\/wp\/v2\/license?post=208"}],"curies":[{"name":"wp","href":"https:\/\/api.w.org\/{rel}","templated":true}]}}

Leçon 7 : W5-H Résumé de l’article de journal

<h1>Leçon 7 : W5-H Résumé de l’article de journal</h1>
L'article de journal que vous êtes chargé d'analyser établit de nombreux parallèles avec les histoires de Mencie et Dee. Toutes deux sont des femmes migrantes de couleur qui occupent des emplois peu rémunérés bien qu'elles aient été qualifiées « d’essentielles » pendant la pandémie de Covid-19. Dee, en particulier, s'efforce de sensibiliser le public à la surreprésentation des travailleurs migrants dans les secteurs de l'économie qui ont été particulièrement touchés par le Covid-19. Un exemple d'un tel secteur est l'industrie de l'emballage de la viande. En Alberta, à l'usine Cargill de High River, un grand nombre de travailleurs ont contracté le Covid-19, souvent dans ce qui semble être des conditions de travail dangereuses. L'article ci-joint est une excellente lecture qui fournit une enquête détaillée sur cette situation spécifique.

<a href="https://bit.ly/3MBqlAc">Les éleveurs des Prairies redoutent une grève à l’usine Cargill de l’Alberta, Radio Canada, le 19 Novembre, 2021 </a>

W5-H est l’acronyme de Who, What, When, Where, Why et How - Qui ? Quoi ? Quand ? Où ? Pourquoi ? Et comment ? Lorsque vous lisez un texte non fictionnel, il est crucial de retenir les faits essentiels. En décomposant les informations textuelles en 5 parties principales, le lecteur est en mesure de mieux comprendre le message et mieux définir les grandes idées. En groupes de 2 à 3 personnes, complétez le tableau suivant.

<a href="https://bit.ly/38sYhQJ"> Les Philippins de partout au Canada réagissent aux inégalités de la pandémie</a>

&nbsp;
<div align="center">
<table style="height: 433px;width: 761px" width="869">
<tbody>
<tr style="height: 423px">
<td style="width: 484.188px;height: 423px"><strong>Quand</strong>

Quand l'événement a-t-il eu lieu ? La chronologie est-elle liée au début ou au milieu de la pandémie ? L'événement se poursuit-il à l’heure actuelle ?</td>
<td style="width: 248.938px;height: 423px"><strong>Où</strong>

Où les événements ont-ils lieu ? Pouvez-vous fournir des lieux précis ?</td>
</tr>
<tr style="height: 10px">
<td style="width: 484.188px;height: 10px"><strong>Pourquoi</strong>

Pourquoi les événements ont-ils eu lieu ? Quelles ont été les causes de ce qui s'est passé ?</td>
<td style="width: 248.938px;height: 10px"><strong>Comment</strong>

Comment se sont-ils déroulés ? Des opinions sont-elles exprimées dans l'histoire ? En quoi ces histoires sont-elles importantes ?</td>
</tr>
</tbody>
</table>
</div>

<h1>Leçon 7 : W5-H Résumé de l’article de journal</h1>
<p>L&#8217;article de journal que vous êtes chargé d&#8217;analyser établit de nombreux parallèles avec les histoires de Mencie et Dee. Toutes deux sont des femmes migrantes de couleur qui occupent des emplois peu rémunérés bien qu&#8217;elles aient été qualifiées « d’essentielles » pendant la pandémie de Covid-19. Dee, en particulier, s&#8217;efforce de sensibiliser le public à la surreprésentation des travailleurs migrants dans les secteurs de l&#8217;économie qui ont été particulièrement touchés par le Covid-19. Un exemple d&#8217;un tel secteur est l&#8217;industrie de l&#8217;emballage de la viande. En Alberta, à l&#8217;usine Cargill de High River, un grand nombre de travailleurs ont contracté le Covid-19, souvent dans ce qui semble être des conditions de travail dangereuses. L&#8217;article ci-joint est une excellente lecture qui fournit une enquête détaillée sur cette situation spécifique.</p>
<p><a href="https://bit.ly/3MBqlAc">Les éleveurs des Prairies redoutent une grève à l’usine Cargill de l’Alberta, Radio Canada, le 19 Novembre, 2021 </a></p>
<p>W5-H est l’acronyme de Who, What, When, Where, Why et How &#8211; Qui ? Quoi ? Quand ? Où ? Pourquoi ? Et comment ? Lorsque vous lisez un texte non fictionnel, il est crucial de retenir les faits essentiels. En décomposant les informations textuelles en 5 parties principales, le lecteur est en mesure de mieux comprendre le message et mieux définir les grandes idées. En groupes de 2 à 3 personnes, complétez le tableau suivant.</p>
<p><a href="https://bit.ly/38sYhQJ"> Les Philippins de partout au Canada réagissent aux inégalités de la pandémie</a></p>
<p>&nbsp;</p>
<div style="margin: auto;">
<table style="height: 433px;width: 761px; width: 869px;">
<tbody>
<tr style="height: 423px">
<td style="width: 484.188px;height: 423px"><strong>Quand</strong></p>
<p>Quand l&#8217;événement a-t-il eu lieu ? La chronologie est-elle liée au début ou au milieu de la pandémie ? L&#8217;événement se poursuit-il à l’heure actuelle ?</td>
<td style="width: 248.938px;height: 423px"><strong>Où</strong></p>
<p>Où les événements ont-ils lieu ? Pouvez-vous fournir des lieux précis ?</td>
</tr>
<tr style="height: 10px">
<td style="width: 484.188px;height: 10px"><strong>Pourquoi</strong></p>
<p>Pourquoi les événements ont-ils eu lieu ? Quelles ont été les causes de ce qui s&#8217;est passé ?</td>
<td style="width: 248.938px;height: 10px"><strong>Comment</strong></p>
<p>Comment se sont-ils déroulés ? Des opinions sont-elles exprimées dans l&#8217;histoire ? En quoi ces histoires sont-elles importantes ?</td>
</tr>
</tbody>
</table>
</div>
